= j + -4. Let b(r) = -7*r**3 + r**2 - 1. Give b(y).
7
Let z be 2/(1 - 2/4). Let y(w) be the third derivative of w**4/8 - 11*w**3/6 + w**2. Let n(s) = 7*s - 23. Let l(f) = z*n(f) - 9*y(f). Calculate l(0).
7
Let m(g) = -g**3 + 9*g - 4*g**2 + 0*g**2 - g**2 + 8 + 0*g**2. Calculate m(-6).
-10
Let f be 4/(-6) + 22/6. Let s(u) = -u**2 + 2 + 3*u**3 + 3*u - 5*u - 2*u**f. Determine s(2).
2
Suppose -5*b = -4*b + 2. Let u(h) = 2*h**2 + 4*h + 2. Let z be u(b). Let a(r) be the first derivative of -2*r**3/3 + 2*r**2 - 3*r - 3. Determine a(z).
-3
Let j be -2 + (-3 - -9)*1. Let l be 1/(-4) - (-9)/j. Let g(k) = 2 - 7 - k - l*k - 2. Calculate g(-5).
8
Let w(h) = h - 7. Let p = -26 - -34. Determine w(p).
1
Let v(c) = -c + 16. Let a be v(10). Let q(u) = u**2 - 5*u - 2. Determine q(a).
4
Let x(k) be the second derivative of 0 + 2*k - 1/20*k**5 + 1/4*k**4 - 1/2*k**3 + 3/2*k**2. Calculate x(2).
1
Let b(j) be the second derivative of j**5/20 + 7*j**4/12 + j**3 - j**2/2 - 6*j. Suppose 4*c + 0 + 24 = 0. Give b(c).
-1
Let f(u) = -u**2 + 4*u - 6. Let d be -1 - (1 + -10 - -4). Calculate f(d).
-6
Let q(z) = -2*z**2 - 1. Let t(x) = -x**2 + 2*x - 1. Let f be t(2). Calculate q(f).
-3
Let y(h) be the first derivative of h**3/3 - 5*h**2/2 + 5*h + 5. What is y(4)?
1
Let w(o) be the second derivative of -o**7/315 - o**6/720 - o**5/120 - o**4/12 - 4*o. Let l(t) be the third derivative of w(t). Determine l(-1).
-8
Let w(p) be the second derivative of 0*p**2 + 0 + 1/360*p**6 - 1/20*p**5 + 3*p + 1/6*p**3 + 1/8*p**4. Let s(u) be the second derivative of w(u). Determine s(4).
-5
Let k(a) = -a**3 + 5*a**2 - 5*a + 3. Let m be k(3). Let x(b) = -m*b + 4*b - 2 + b. What is x(3)?
-5
Let w(l) be the first derivative of l**2/2 - 4*l - 9. Give w(-3).
-7
Let i(n) = n**3 + 3*n**2 - 8*n - 4. Let p be (-33)/7 + 6/(-21). Give i(p).
-14
Let d(h) be the third derivative of -h**5/60 + h**3/6 - 3*h**2. Suppose 0 = -4*o + a - 17, -4*a = -6*a + 10. Let j = o - -2. Determine d(j).
0
Let i be ((-6)/1)/((-2)/2). Let j(s) = s**3 - 7*s**2 + 6*s + 2. What is j(i)?
2
Let k(o) = -o**3 - 2*o**2 - o. Let x = 3 + -1. Suppose 4*p = -2*n - 10, -3*p - 9 = -n + x*p. What is k(n)?
0
Let x(g) be the first derivative of g**2/2 - 3*g - 1. Let n be 4/3 - (2 + 2/(-3)). Determine x(n).
-3
Let n(o) = -o**2 + 3*o + 4. Let q be n(4). Let f(w) = -3*w**2 + 5*w - 12. Let k(b) = -b**2 + 2*b - 4. Let x(m) = 3*f(m) - 8*k(m). Determine x(q).
-4
Let k(n) = 2*n**2 + 2*n - 4. Let q(i) = 2*i**2 + 2*i - 3. Let v(y) = 4*k(y) - 5*q(y). Suppose -9 = 5*h - 4*h. Let l be h/18 - 2/4. Determine v(l).
-1
Let j(f) be the third derivative of f**5/60 + f**4/6 + f**3 + 10*f**2. What is j(-5)?
11
Let p(z) = 5*z**2 - 16*z + 21. Let i(m) = -m**2 + 4*m - 5. Let l(t) = 9*i(t) + 2*p(t). Let h = -17 + 25. Suppose -h = 4*b + 8. Give l(b).
-3
Let p(b) = -5 - b**3 + 3*b - 3*b. Let u(r) = 16*r**2 - 1. Let s be u(1). Suppose -m + 5*l = -s, -5*m + 4*l + 14 = 2. What is p(m)?
-5
Let s be (15/(-6) - -3)*4. Suppose 0 = -0*o + o - 1, -3*c - s*o = 7. Let l(m) = -m - 1. Let g(w) = -4*w - 6. Let r(v) = -g(v) + 3*l(v). Calculate r(c).
0
Let r(s) be the first derivative of 5/3*s**3 + 3/2*s**2 + 4*s + 1 + 1/4*s**4. Let u = -15 - -11. Determine r(u).
8
Let f be (-2)/(-9) + (-230)/(-18). Let b = f + -10. Let u(o) = o**2 - 5*o - 4. What is u(b)?
-10
Suppose -2 = 3*x + 10. Let d(j) be the first derivative of -3/2*j**2 - 2 - 6*j. What is d(x)?
6
Let w(c) = -2*c - 5 - 3 + 6. Let x(u) = -u**2 + 3. Let z be x(-3). Give w(z).
10
Let q(a) = a**2 - 2*a - 1. Let y(j) = 3*j + 2 - 3*j**2 - 6 + 5. Let r(s) = -5*q(s) - 2*y(s). Give r(-4).
3
Let x(o) be the third derivative of -o**5/30 + o**4/8 + o**3/2 - 3*o**2. Give x(3).
-6
Let r = 3 + -4. Let v be -5 + 7 - (r - 1). Suppose 4*n = 5*o - v - 21, -15 = -4*n - 3*o. Let a(b) = -b + 7. Give a(n).
7
Let b(i) be the second derivative of 3*i**5/20 - i**4/12 - i**3/6 - i**2/2 + i. Determine b(-1).
-4
Let b(i) be the first derivative of -i**4/4 - i**3/3 - i**2/2 + 4*i - 7. Let o be (0/2 + 0)/(-3). Determine b(o).
4
Let c(n) be the second derivative of n**5/20 + n**4/3 + n**3/6 - n**2/2 + 8*n. Let w = 21 + -33. Let y = w + 8. Give c(y).
-5
Let f(c) = c**2 - 13*c - 15. Let q be f(14). Let j be q + 2 - 0/3. Let s(u) = -9*u**2. Give s(j).
-9
Let s(l) = -3*l**3 + 25*l**2 - 14*l + 18. Let p(a) = a**3 - 8*a**2 + 5*a - 6. Let y(z) = 7*p(z) + 2*s(z). Determine y(5).
4
Let h(z) = -6*z**3 + z**2 + z + 1. Let b = 53 + -54. Give h(b).
7
Let f(q) = -q - 14. Let l be ((-14)/(-6))/((-3)/9). Calculate f(l).
-7
Suppose 5*q = d - 16 - 14, -5*d - 2*q + 15 = 0. Suppose -y + d*y = 32. Suppose -y = z + z. Let r(x) = -x**2 - 4*x + 5. What is r(z)?
5
Let l(m) = 2*m**3 + m**2 + 6*m + 10. Let q(r) = -r**2 - 1. Let k(n) = -l(n) - 3*q(n). Let i(y) = y + 1. Let p(x) = -6*i(x) - k(x). Give p(-1).
-3
Let p(k) = -k**2 - k + 3. Let f = -23 + 16. Let l(d) = -d - 4. Let z be l(f). Determine p(z).
-9
Let o(b) be the first derivative of -b**4/4 - b**3 + b + 1. Let y be (-2)/(-5) - 8/(-5). Suppose -y*z + 30 = -5*t + 3*z, -3*t - 21 = -4*z. Determine o(t).
1
Suppose 0 = -2*u + 6*u + 16. Let q(y) be the second derivative of 4*y**3/3 + 2*y. Let s(c) = -c**2 + 17*c. Let f(d) = 5*q(d) - 2*s(d). What is f(u)?
8
Let i(x) = 2*x - 13. Let a(b) = 6*b - 38. Let h(p) = -6*a(p) + 17*i(p). Calculate h(6).
-5
Suppose 8*y + 11 = 27. Let b(s) = -3*s + 1. What is b(y)?
-5
Let f be (-1)/(0 - 1)*3. Let q be 0 + (12 - (3 - 0)). Let m be (-2)/f - (-6)/q. Let a(h) = h**2 + 4. Determine a(m).
4
Let z(n) = 7 - 3 - 4*n + 0. What is z(3)?
-8
Let w(q) = 15*q**2 + q + 10. Let m(p) = 7*p**2 + p + 5. Let d(a) = 13*m(a) - 6*w(a). Determine d(-5).
-5
Let q(m) = 3*m + 3. Suppose -2*g + 31 - 23 = 0. What is q(g)?
15
Let b be 128/(-22) + (-14)/77. Let n = 3 - 0. Let i(y) = -n + 6 - 7 - y. Give i(b).
2
Let x(v) be the second derivative of 1/4*v**4 - 3/2*v**2 + 0 + 2*v + 1/20*v**5 + 1/3*v**3. Suppose -6 = 2*k - 0. Give x(k).
-9
Let h(t) = t**3 + 5*t**2 - 6*t + 3. Suppose -5*k - 33 = 3*a, 0 = a - 0*k - 5*k - 9. Give h(a).
3
Let n(v) = -v**2 + 5*v - 1. Let h(f) = 2*f + 1. Let g(i) = -3*i - 2. Let w = 5 + -1. Let x(y) = w*h(y) + 3*g(y). Let j be x(-6). Calculate n(j).
3
Let q(w) be the first derivative of w**4/4 + w**3/3 - w**2/2 + 2. Calculate q(0).
0
Let d(y) = y**2 - 2*y + 1. Let u(j) = j**3 - 7*j**2 + 5*j + 8. Let i be u(6). Suppose 0 = -5*c + i + 8. Give d(c).
1
Let r(a) be the second derivative of -a**3 + 3*a - 1/12*a**4 + 0*a**2 + 0. Give r(-5).
5
Let b(v) be the first derivative of v**2/2 + 42. Calculate b(4).
4
Let k(s) be the second derivative of s**3/6 - 2*s. Let y(w) = -w**3 - 6*w**2 - 8*w - 11. Let o be y(-5). Determine k(o).
4
Let k(n) be the first derivative of n**2/2 - 2*n + 2. Let h = -8 + 11. Suppose -y = h*y. Determine k(y).
-2
Let l be ((-1)/2)/((-1)/4). Suppose 2*v + 20 = -l*v. Let m(f) be the third derivative of -f**5/60 - 5*f**4/24 - f**3/6 - 2*f**2. Calculate m(v).
-1
Let i(h) = -2*h + 1. Suppose -18 = -3*u - 3*k, 3*u + k - 18 = -2*u. Suppose 2*l + 1 = -u. Calculate i(l).
5
Suppose -30 = 17*k - 22*k. Let l(r) = -r**2 + 9*r - 8. What is l(k)?
10
Suppose -2*u - p = -0*u + 12, u + 20 = -4*p. Let y(b) = b**3 + 5*b**2 - b - 4. Give y(u).
16
Suppose 7 + 1 = -2*a. Let t = a - -4. Let w(c) = 4*c + 8. Let f(j) = -j. Let n(o) = -5*f(o) - w(o). What is n(t)?
-8
Let r(o) = -o + 1. Let c be r(-1). Let m(x) = 1 - 3*x**c + 4*x**2 - 5*x - 8. Suppose 20*p - 8*p = 72. What is m(p)?
-1
Let v(b) be the second derivative of -b**4/12 + b**3/6 + b**2 + 8*b. Calculate v(-3).
-10
Suppose -3*r + 5*r + 8 = 0, -5*t - 3*r + 28 = 0. Let l(g) = g - 3. Determine l(t).
5
Let h = -8 + 13. Let q(p) be the first derivative of -p**2 + 6*p - 1. Give q(h).
-4
Let v(b) be the second derivative of 0 - b**2 - 1/2*b**3 - b. Calculate v(-4).
10
Let g(s) be the third derivative of -s**4/24 - 3*s**2. Let f = -6 + 2. Give g(f).
4
Suppose 1 = v - 3. Let q(i) = -i**3 + 3*i**2 + 2*i + 3. What is q(v)?
-5
Suppose 38*h + 20 = 34*h. Let p(k) = k**2 + 8*k + 4. Calculate p(h).
-11
Suppose 4*a + 6 = 5*w - 24, -w + 2*a = -6. Let h(c) be the third derivative of -c**4/24 + 7*c**3/6 + c**2. What is h(w)?
1
Let c(g) = -4*g + 0*g**2 + g**2 - 2 - 3 + 2. Let n(l) = -l - 1. Let t(z) = c(z) - 2*n(z). Calculate t(4).
7
Let t(j) = j**3 - 7*j**2 - 8*j - 10. Suppose 6*s 